20 + 5 - -7) + 6).
5
Calculate -3 - (-5 - 1) - 8.
-5
-1 - 0 - (19 - 19) - 4
-5
What is the value of (-6 - -1) + 18 + -12?
1
3 - ((1 - -1) + (-7 - -5))
3
Calculate (16 - 24) + -1 + 11.
2
What is the value of -2 - 3 - (6 + -6)?
-5
Evaluate -5 - (4 - 14 - (1 - 3)).
3
Evaluate 2 - (12 + 7 + (5 - 19)).
-3
Calculate 113 + -102 + (-6 - 0).
5
-3 + (3 - 3) + -1 - -4
0
What is the value of -3 + 1 + 6 + -1 + -4?
-1
Evaluate 1 + (-2 - 1) + -1.
-3
30 + -18 + -11 + 2
3
Evaluate -3 - (5 - 4 - (-2 - -3)).
-3
What is 1 - (1 + -1 + 0)?
1
Calculate 4 - (7 - (-4 - (3 - 11))).
1
Evaluate 9 + -10 - (2 + -2).
-1
-1 + 1 - 2 - 2
-4
Calculate 0 - (-1 - (4 + 0)).
5
Calculate 2 + -5 - -13 - 6.
4
(3 - (-2 - -7)) + 4
2
Evaluate -2 + (7 - -2) + -7.
0
Calculate 0 + (0 - -7 - (-3 + 5)).
5
Evaluate 2 + (-2 - 4) + (-2 - -14).
8
Calculate 5 + -7 + -1 - -3.
0
What is the value of -7 - (3 + 4 + -12 + 1)?
-3
Evaluate 0 + (2 - 0) + -2 - -2.
2
What is the value of (-1 - -1 - 1 - -8) + -13?
-6
Calculate 8 + -4 - (4 - 0).
0
-19 - -9 - 3 - -8
-5
Calculate 3 + (-2 - 0) + 7 + -6.
2
0 + -3 + (7 - -2)
6
8 + 2 + -1 + -5 - -4
8
Evaluate -3 - (4 - (14 - 3)).
4
Evaluate -9 + 3 + (3 - 0).
-3
What is (0 + 13 - 13) + (-5 - 0)?
-5
Calculate (-5 - (0 - 0 - 3)) + 2.
0
Calculate -7 + (4 - 1 - (-2 + -5)).
3
Evaluate (-2 - (1 - 7)) + 0.
4
What is the value of 2 - 0 - (-3 + 0) - 3?
2
What is -10 + 12 + 2 + -4 + -2?
-2
What is -3 + (2 + 1 - (0 + -9))?
9
Calculate -32 + 36 + 3 + -15.
-8
6 + 3 + 1 + -77 + 58
-9
(-5 - -3) + 4 + -7
-5
Calculate (-14 + 28 - 15) + -1.
-2
Evaluate 0 - 3 - (4 - 3 - 5).
1
What is -1 + (-1 - 1) + (-2 - -6)?
1
7 + -3 + 0 - (-1 + 9)
-4
What is 0 + 3 + -2 + 0 + -1?
0
Calculate 5 - (-6 + 6 - -4).
1
What is the value of 2 + 2 + -6 - (1 - 2)?
-1
0 + (6 + -6 - 2)
-2
-4 + (2 - (1 - -2))
-5
What is -9 + 7 - (-4 - (-12 + 6))?
-4
Calculate (2 - 8 - -2) + 9 + -6.
-1
What is -3 + -8 + 4 - -7?
0
Calculate (10 - (6 + -9)) + -6.
7
What is -8 - 1 - (-1 + 5 - 8)?
-5
Calculate 5 - (0 + (1 - -2)) - 0.
2
What is the value of 1 - (9 + -5) - 3?
-6
What is 17 - (11 + -2) - -1?
9
Evaluate -4 - -2 - -3 - (6 - 7).
2
Evaluate (3 + -6 - 1) + -3 + 2.
-5
Evaluate 3 + 0 - (0 - (2 - 1)).
4
Calculate 2 + -13 - (77 + -91).
3
What is the value of 0 - 15 - -7 - -4?
-4
Evaluate -1 + -1 - (-50 + 43).
5
What is 6 + 3 - 5 - 2?
2
9 + (2 + 0 - 6)
5
Evaluate 6 + -6 + -1 + -28 + 33.
4
Calculate -3 + 2 + 0 + -4 - -5.
0
Evaluate -9 + (2 - -4) - -4.
1
Evaluate (14 - 2) + 0 + (12 - 17).
7
Evaluate (1 - 0) + (2 - -1).
4
What is the value of 6 + (-3 - 0) + -2?
1
What is the value of (7 - 11 - -3) + 2?
1
Evaluate (1 + -2 - 2 - -2) + 0.
-1
Evaluate 1 - (-1 + (-4 - (1 - 8))).
-1
What is the value of (3 - 7) + 8 - (1 - 2)?
5
(3 - -4 - 0) + 47 + -52
2
(-4 - 6) + 6 - -5
1
-4 + 4 - (-3 - -10)
-7
Calculate 9 + -14 - (-8 + -5 + 11).
-3
What is 4 + -5 + (3 - -3)?
5
What is -5 - (-11 - (2 + 0 + -7))?
1
What is -3 - ((2 - 5) + (-1 - 1))?
2
Evaluate -1 - (4 + -3 + 1) - -7.
4
-2 + (-6 - (5 - 3) - -3)
-7
What is 3 + (-1 + -4 - -3)?
1
Evaluate 1 + 2 - (3 - 1).
1
What is the value of (6 - (5 + 7)) + 1 + 3?
-2
Evaluate -1 + 3 - (-2 - (-10 - -3)).
-3
Calculate -18 + 2 + -50 + 58.
-8
What is (7 - (-1 + 14)) + 3 + 1?
-2
1 - 13 - (-99 - -97)
-10
What is -1 + -1 + -1 + (-1 - 0)?
-4
5 + 0 + -9 - -2
-2
13 - 20 - (1 + -3)
-5
What is -5 - ((-1 - -1) + -4)?
-1
-8 - (-9 - (-2 + 2))
1
Calculate (-13 - -3) + 0 + 16 + -13.
-7
Evaluate (3 - 0 - (8 + -5)) + -3.
-3
Calculate 0 - (10 - (3 + 8)).
1
What is 4 + (6 - (10 - 5))?
5
What is (-1 - -2) + (-15 - -18)?
4
1 + -20 - -12 - (-1 + -9)
3
What is the value of 7 - (-12 + 24) - 1?
-6
Evaluate (10 + -4 - 9) + -7 + 12.
2
What is (0 - 4) + 8 + -6 + 4?
2
Calculate 4 + 4 - 3 - 7.
-2
What is the value of 0 + -2 + 11 + -9 - -1?
1
Calculate (7 - 9) + (-4 - -11) + 3.
8
-10 + 1 - ((-23 - -1) + 17)
-4
Calculate (-6 - -10) + 1 + 1.
6
Evaluate 0 + 2 + 2 + -6.
-2
Calculate 7 - ((-3 - (-9 + -2)) + 1).
-2
What is -2 + (6 - 1) + -5?
-2
-13 + (-9 - -20) + (-1 - 1)
-4
What is the value of 33 + -32 - (0 + 1 + -1)?
1
Evaluate (-2 - (1 - (-2 + 1))) + 3.
-1
What is the value of 1 - (-5 + 2 - -2 - 1)?
3
What is the value of 2 + -4 + (-3 - -2)?
-3
What is the value of -6 + 3 + 4 + -5?
-4
Calculate -1 + -3 + 5 - (3 + 1).
-3
What is -8 - (-2 - 2 - 0)?
-4
Calculate 11 + -1 + 5 - 8.
7
2 - (0 - 1 - (-7 - -5))
1
What is (-3 - -1) + 3 + 3 + -3?
1
What is the value of 3 + (-1 - 4) + 5?
3
Evaluate 7 - 1 - (0 - 0) - 6.
0
Evaluate (0 - (3 + 0) - -2) + 0.
-1
What is 6 - 3 - -2 - 4?
1
Calculate -91 - -101 - (0 - -8).
2
Evaluate (-8 + 4 - (1 + -5)) + 3.
3
What is -1 + 9 + -3 + (-5 - -4)?
4
Evaluate -4 + (3 - -2) + (-8 - -13).
6
Evaluate 1 + 5 + (-19 - -12).
-1
What is the value of 12 + -3 + 1 + -7?
3
Calculate -2 - (-6 - (-3 + 3) - -1).
3
What is (-169 - -172) + (3 - 0)?
6
Calculate -1 + 6 - (4 + 3).
-2
What is (1 - 12) + (-52 - -67)?
4
What is the value of 4 + -2 + -4 + 2?
0
What is the value of 4 + 10 + 6 + -15 + 5?
10
What is the value of 13 - (0 - (-3 - 6 - -3))?
7
-5 - -6 - (-1 - -1)
1
What is 2 + -14 + 10 + 9?
7
What is the value of -2 - (-1 + 4 + -10)?
5
(3 - 8) + (11 + -1 - -1)
6
1 + (-2 - 1 - -7)
5
What is the value of 2 + 2 + -1 + 3 + -5?
1
What is 4 + -6 + (5 - 1)?
2
What is (-2 - -2) + (4 + 0 - 9)?
-5
Calculate -6 + 1 + 10 + 3.
8
Evaluate 2 + (-16 - -6 - -5).
-3
Evaluate 3 - (3 + -6 - -5).
1
13 - (-3 - -3 - -5) - 0
8
(-23 - -26) + (-2 - 3)
-2
-4 - (-5 - (-2 - -4 - 4))
-1
What is the value of 8 - 12 - 11 - -12?
-3
Evaluate -3 - -1 - (-1 - (-3 - -1)).
-3
Evaluate (1 + -5 - -7 - 9) + 4.
-2
What is 3 + 1 + (-5 - (0 - 1))?
0
Calculate 3 + (2 - 1) + -4 + 2.
2
-6 + -1 - (-2 - 3) - -1
-1
(16 - (15 + -4)) + (0 - 7)
-2
What is 1 + -4 + 3 + -1 + 2?
1
Evaluate 9 - (9 - (11 + -8)).
3
Calculate 8 + -3 + -10 + 3.
-2
-1 - -9 - (9 - 6)
5
Evaluate -2 - -2 - 1 - 1.
-2
What is the value of (5 - 2 - 0) + (1 - 9)?
-5
What is the value of -15 + (-2 - (-3 + -3))?
-11
Evaluate (-7 - -3 - -1) + 0.
-3
What is the value of 92 + -100 - (-1 + -8)?
1
What is the value of -2 + (0 - 6 - (-2 - 1))?
-5
What is (-2 - 2) + 1 + 2?
-1
What is (1 + -2 - -5) + -11 + 11?
4
-2 + -2 + (7 - 2)
1
Evaluate 2 + (-3 - (-2 + (6 - 2))).
-3
(0 - (-7 + 5)) + -3 + -5
-6
1 - (-3 - (-3 + 4) - -8)
-3
-1 + -1 + 1 + 5 + -2
2
What is -10 + (-2 - (-11 - -4)) + 1?
-4
-5 - (7 - 3 - 4)
-5
What is the value of 2 + 3 - (1 - -2 - 1)?
3
What is the value of 9 + -3 + -7 + 0?
-1
What is the value of 4 + 0 + 0 + 0?
4
Evaluate -1 + (4 - 6) + 0.
-3
What is -7 + 1 - (-5 - -4)?
-5
Calculate -1 + -6 + 0 - -5.
-2
What is the value of (-5 - (-9 - 1)) + 1?
6
What is the value of 2 + (0 - 2) + -3?
-3
Calculate (10 - 6) + -22 + 8.
-10
Evaluate (-1 + 4 - -1) + (-23 - -22).
3
Evaluate -3 + 4 + 8 + -15.
-6
What is 3 - (-10 + 4 + 1) - 6?
2
What is the value of 5 + 18 - 13 - 2?
8
Evaluate 6 + -2 - (6 - 1).
-1
Evaluate -1 - (-9 + 8 + -1).
1
-2 - (2 + -3 + -3)
2
(-2 + -12 - -6) + 13
5
What is the value of -4 + (2 - (-1 + -3 + 2))?
0
Evaluate -4 + 5 + 4 + -3.
2
Evaluate 0 + (3 - -1) - (-2 - -1).
5
What is -8 - (6 + (5 + -37 - -8))?
10
0 - 2 - (1 + -4 + 3)
-2
-3 + 8 + -10 + 4
-1
Evaluate (-4 - -4 - -6) + (-1 - 2).
3
What is (3 + -6 - -3) + 1 + -1?
0
What is -7 + -1 + -1 + 7?
-2
-5 - 0 - (6 - 10)
-1
Calculate -7 - -6 - (-1 + 3).
-3
What is the value of 5 + -3 + 4 + -4?
2
What is the value of -5 + -3 - (-3 + -1)?
-4
Evaluate -5 + 4 + -1 - 3.
-5
-2 + -1 - (-8 - (8 - 8))
5
What is the value of 2 + -2 + (-3 - -7) + -3?
1
What is the value of 0 + (2 - 2 - (2 - 6))?
4
-6 + 14 + -6 - -1
3
-1 - (-12 + 8 - -6)
-3
Evaluate (8 - 19) + 5 + 2.
-4
Evaluate 19 - ((-2 - -12) + 2).
7
(-1 - 0 - -11) + -4 + -9
-3
What is the value of -4 + (0 - -4) - -2 - 1?
1
Evaluate -4 - (5 - (2 - (3 - 6))).
-4
What is the value of (-12 - (5 - 6)) + 5?
-6
Calculate -2 - (3 - 6 - (-15 + 11)).
-3
What is 0 + -3 + 0 + -1?
-4
What is the value of -1 - 0 - (-24 - -19)?
4
What is the value of -1 - -4 - 1 - (-12 + 12)?
2
What is (-1 - 5) + 16 - 14?
-4
What is -1 - (-5 - -4) - (0 + 0)?
0
Evaluate 7 - (3 + 17 + -7 + -4).
-2
Calculate -4 + (-6 - (-9 + -1)).
0
What is 5 + -1 + -3 - 5?
-4
What is -4 - -9 - 7 - (-1 + -3)?
2
What is (5 - 4 - -1) + -4 + 4?
2
Calculate (-2 - 2) + (-2 - (-7 + 1)).
0
-1 + 0 + 3 + 0 + -2
0
What is (-2 + (-3 - 0) - -3) + 3?
1
Evaluate -4 + (4 - (0 +